Suppose -2 + p = 2*b. Suppose -3 = v - k, v - b*k - 2 + 20 = 0. Calculate the greatest common divisor of 22 and v.
2
Let v = 4 - 1. Suppose -v*r = -3*s - 168, 2*r - 3*s - 106 = 7. Calculate the greatest common factor of r and 11.
11
Let d(v) = -v**3 - 4*v**2 + 3*v. Let a be d(-5). Let w = 296 - 206. What is the greatest common factor of a and w?
10
Let o(h) = -7*h**3 - h**2 - h. Let k be o(-1). Let q(n) = -n**3 - 3*n**2 + 5*n + 10. Let v be q(-5). What is the greatest common divisor of v and k?
7
Let l = 3 - -1. Let w(g) = 43*g**2 + g. Let j(s) = s**3 - s**2 - s - 1. Let c be j(2). Let m be w(c). Calculate the highest common factor of l and m.
4
Let y = -9 - -16. Suppose -3*a + 4*a = 2*z - y, -4*z - a + 5 = 0. Let g = 2 + z. What is the highest common factor of 28 and g?
4
Let y be (-40)/25*10/(-4). Suppose -m + 2*p = -12, 30 = y*m + 3*p - 29. Calculate the highest common factor of m and 154.
14
Let k = 132 - 90. What is the highest common factor of k and 28?
14
Let i = 76 - 58. Calculate the highest common factor of 450 and i.
18
Let w be 22/2 + 0 + 1. What is the greatest common divisor of w and 9?
3
Let g(x) = -4*x - 3. Let r be g(-2). Suppose -4*w - 3*l = 40, -r*w + l + 10 = 60. Let a be 3/(9/w)*-3. Calculate the greatest common factor of a and 4.
2
Let s = 1 - -5. Let c(a) = -a**2 + 8*a + 2. Let y be c(s). Suppose -o + 11 + 31 = 0. What is the greatest common divisor of y and o?
14
Let m(n) = n**2 - 5*n. Let u be m(6). Suppose -4*w - 3*d + 15 = 0, -2*d = -3*w + 23 + 1. Calculate the highest common divisor of w and u.
6
Suppose -5*c = 2 - 12. Suppose z + 12 = 3*z. Calculate the greatest common factor of c and z.
2
Let p be 5*5/((-5)/(-4)). Calculate the greatest common factor of 4 and p.
4
Let g(o) = 6*o - 3. Let r be g(9). What is the greatest common factor of r and 34?
17
Suppose -10 = -d + 6*d. Suppose -3*t + 3*k + 33 = 0, 2*k + 15 = t - 0. Let j = d + t. What is the highest common divisor of j and 35?
5
Let n be 1 + 2 - (3 - 7). Suppose -2*x = -4*g + 6, -2 = 2*g - 5*x + n. What is the greatest common factor of 9 and g?
3
Let o be -3 - (-3 + 0/3). Suppose o = m + 2*z - 1, -m + 13 = -4*z - 0*z. Calculate the greatest common divisor of m and 25.
5
Let a = 22 + -3. Let u = 154 - 286. Let b = 303 + u. Calculate the greatest common factor of a and b.
19
Suppose -2*a = a + 4*i + 11, 0 = 3*a + 2*i + 1. What is the highest common divisor of a and 66?
3
Suppose -4*t - 414 = -5*l + 3*l, -4*l + 5*t + 837 = 0. Suppose -5*k + l - 13 = 0. Calculate the highest common divisor of k and 10.
10
Suppose 5*h = -2*x + 22, 2*h + 4*x = 7*x + 24. Calculate the greatest common divisor of h and 9.
3
Suppose 12 = -7*l + 9*l. Suppose -2*t + 0*u = -3*u - 213, -4*u - 428 = -4*t. Suppose -4*o + o = -t. Calculate the greatest common divisor of o and l.
6
Let z(l) = 2*l**2 - 7*l. Let m be z(5). Suppose m = 5*f - 0*f. Let g be 2*(6/f - -4). Calculate the greatest common factor of g and 48.
12
Let j = -10 - -20. Let o(z) = -z**3 - 3*z**2 + 4*z - 4. Let u be o(-6). What is the highest common factor of j and u?
10
Let w = -18 - -106. Let t = 81 - 48. Suppose -5*m + t = -2*m. Calculate the greatest common factor of w and m.
11
Let s be -1*(1 - -22 - 2). Let b = s + 31. Suppose 5*f + q - 395 = 6*q, 5*f - 3*q = 397. Calculate the greatest common divisor of b and f.
10
Let m be (16/(-3))/((-4)/96). What is the highest common divisor of m and 32?
32
Suppose 28 = -2*u - 2*o, -u - 3*o = o + 20. Let a be 0 + (-4)/(u/45). Let w = 147 - -18. Calculate the highest common divisor of a and w.
15
Suppose 2*v + 20 = -3*v - 5*r, 3*v - 12 = 3*r. Suppose v*l - 63 = -5*l + x, 2*l + 3*x = 15. What is the highest common factor of 36 and l?
12
Suppose -5*g + 3*s = -228, 2*g - s - 59 - 33 = 0. Suppose 3*n = -4*u + 59, u - n + g = 4*u. What is the greatest common divisor of u and 51?
17
Let j be ((-8)/16)/(1/(-160)). Calculate the highest common divisor of j and 120.
40
Let q(v) = -v - 10. Let w be q(0). Let y(n) = 2*n - 1. Let d be y(3). Let b be (-2)/d + (-74)/w. What is the highest common factor of 49 and b?
7
Suppose 4*t - 495 = t. Suppose -4*z + 27 = -t. Calculate the greatest common divisor of z and 6.
6
Suppose -2*y = 1 + 5, -3*o - 4*y = -6. Suppose 2*z - o = 2. Suppose -2*u + 4 = -t - 2, -3*t + u = -7. Calculate the greatest common divisor of t and z.
4
Let y(m) = -21*m**3 + 2*m**2 + m. Let i = 8 + -3. Suppose -6*r - 2*z = -2*r - 2, 4*r - i = -3*z. Let b be y(r). What is the greatest common divisor of 2 and b?
2
Let n = -7 - -16. Let l = -96 - -97. What is the greatest common divisor of l and n?
1
Let g be 3*3*(-1)/(-3). Suppose g*z - 69 = -3. What is the highest common factor of z and 11?
11
Let z = -56 - -72. What is the greatest common divisor of z and 48?
16
Let j(s) = s**2 + 15*s + 22. Let t be j(-14). Let a(l) = 35*l + 2. Let p be (-1 + 0)/((-1)/2). Let r be a(p). What is the greatest common divisor of r and t?
8
Let z(j) = 13*j. Suppose -4*b + 18 = -2. Let k be z(b). Let p(t) = -t**2 + 13*t - 17. Let m be p(10). Calculate the highest common divisor of k and m.
13
Suppose -2*w = 4*z - 36, 2*w + 2*w + 4*z - 72 = 0. Let v(q) = q**3 + 8*q**2 + 7*q + 5. Let y be v(-5). What is the greatest common divisor of y and w?
9
Let g(p) = -p**3 - 3*p**2 + 5*p - 5. Let k be g(-5). Calculate the greatest common divisor of 50 and k.
10
Let l be (2/(-1))/1*5. Let q be 592/20 + (-4)/l. Suppose 4*u = 76 - 16. What is the highest common divisor of q and u?
15
Let t(n) be the first derivative of -n**4/4 + n**3 + n**2/2 + n - 1. Let w be t(-2). What is the greatest common factor of w and 209?
19
Suppose -2*z = 2*k - 0*z - 18, -3*k - 2*z = -27. What is the highest common divisor of 9 and k?
9
Let o be (-1)/(-1)*(6 + 1). Let q be 0 + (4 - 2) + o. What is the highest common divisor of q and 9?
9
Let w(t) = -t**2 + 4*t + 2 - 4*t. Let z be w(0). Let c = z + -1. Calculate the highest common factor of c and 2.
1
Let k be 2*2 - (-11 - -9). Calculate the greatest common factor of 24 and k.
6
Let f(q) = -q**3 + 4*q**3 - 4*q**2 + q**2 - 4*q**3 + q - 5. Let o be -1 - (5 + (0 - 1)). Let w be f(o). What is the highest common factor of 5 and w?
5
Let o(g) = g**3 + 6*g**2 - 2. Let d = -18 + 12. Let s be o(d). Let c be (-116)/(-6) - s/(-6). Calculate the highest common factor of 171 and c.
19
Let m(h) = -4*h - 9. Let t be m(-7). Suppose 14 = 3*r - t. What is the greatest common factor of r and 11?
11
Suppose 138 = 5*w - 27. Calculate the highest common factor of w and 132.
33
Let x be (0 + -3)/(-3) - 2. Suppose 2*p = 4 - 0. Let d be x + 113 - (2 - p). Calculate the greatest common factor of 14 and d.
14
Suppose 43 = 5*r - 767. What is the greatest common factor of r and 18?
18
Let r(x) = -x**2 - 9*x + 5. Let p be r(-10). Let n = p + 59. What is the highest common divisor of 6 and n?
6
Suppose -11*t + 6*t + 20 = 0. Let d be ((-78)/(-9) + -2)*3. What is the highest common divisor of d and t?
4
Let s(n) = n**2 + 3*n. Let l be s(4). Let a = l - 22. What is the greatest common factor of 4 and a?
2
Let u be (18/2)/3 - -4. Calculate the highest common factor of u and 63.
7
Let t = -8 + 19. Calculate the greatest common divisor of 33 and t.
11
Let o be 4452/39 + 8/(-52). What is the highest common factor of 76 and o?
38
Let l = 72 + -1118. Let u be 4/2 - (l + -2). Let v be u/8 + 3/4. What is the highest common divisor of 12 and v?
12
Let z(l) = -l**3 - 8*l**2 - 2*l - 1. Let m be z(-8). Let g be (-15)/2*(-12)/m. Calculate the highest common factor of g and 48.
6
Let w be (-6)/8 - 15/(-4). Suppose -u = x + 2*x + 35, -80 = 4*u - w*x. Let c = u - -35. What is the greatest common divisor of c and 96?
12
Suppose 3*m + 2*m = 400. Calculate the greatest common factor of m and 16.
16
Let w(o) = -o**3 + 8*o**2 - 7*o + 6. Let p be w(7). Calculate the greatest common divisor of p and 8.
2
Let y(b) = 2*b + 15. Let d be y(-8). Suppose 0 - 2 = -z - 2*o, 5*o = -z + 5. Let v be (d - z)*6/(-2). What is the highest common factor of 3 and v?
3
Let k be 0 - -3 - (-1*585)/3. What is the greatest common factor of 22 and k?
22
Suppose -5*m - 5*d = -2*m - 54, 0 = 2*m - 3*d - 36. Calculate the highest common divisor of m and 72.
18
Let l be 2/(-5) + 47/5. Let j(v) = -v + 13. Let w be j(l). Suppose p - 30 = -w*p. What is the greatest common divisor of